{"id":128,"date":"2020-02-02T03:09:16","date_gmt":"2020-02-02T03:09:16","guid":{"rendered":"http:\/\/janjekal.de\/?page_id=128"},"modified":"2026-02-24T01:12:51","modified_gmt":"2026-02-24T01:12:51","slug":"comedy","status":"publish","type":"page","link":"https:\/\/janjekal.de\/?page_id=128","title":{"rendered":"Comedy"},"content":{"rendered":"<p><span style=\"color: #ffff99;\"><a style=\"color: #ffff99;\" href=\"https:\/\/www.berliner-zeitung.de\/kultur-vergnuegen\/kino-streaming\/kill-tony-auf-netflix-rechte-comedy-uebernimmt-den-mainstream-li.2316815\">\u201eKill Tony: Rechte Comedy \u00fcbernimmt den Mainstream<\/a>.<\/span> <em>Berliner Zeitung<\/em>, 24. April 2025.<\/p>\n<p><span style=\"color: #ffff99;\"><a style=\"color: #ffff99;\" href=\"https:\/\/www.sueddeutsche.de\/kultur\/comedy-auf-netflix-ich-weiss-es-doch-auch-nicht-1.4919542\">\u201eIch wei\u00df es doch auch nicht\u201c<\/a>.<\/span> \u00dcber \u201eEnd Times Fun\u201c von Marc Maron. <em>S\u00fcddeutsche Zeitung<\/em>, 27. Mai 2020.<\/p>\n<p><span style=\"color: #ffff99;\"><a style=\"color: #ffff99;\" href=\"https:\/\/www.sueddeutsche.de\/kultur\/ricky-gervais-berlin-comedy-1.4716497\" target=\"_blank\" rel=\"noopener noreferrer\">\u00dcber Ricky Gervais in der Verti Music Hall, Berlin.<\/a> <\/span><em>S\u00fcddeutsche Zeitung<\/em>, 9. Dezember 2019.<\/p>\n<p><span style=\"color: #ffff99;\"><a style=\"color: #ffff99;\" href=\"https:\/\/taz.de\/!5622335\/\" target=\"_blank\" rel=\"noopener noreferrer\">\u00dcber John Cleese im Admiralspalast, Berlin.<\/a> <\/span><em>taz, die tageszeitung<\/em>, 12. September 2019.<\/p>\n<p><span style=\"color: #ffff99;\"><a style=\"color: #ffff99;\" href=\"https:\/\/www.sueddeutsche.de\/kultur\/comedy-oliver-polaks-neues-programm-1.4360168\" target=\"_blank\" rel=\"noopener noreferrer\">\u00dcber Oliver Polak im Heimathafen Neuk\u00f6lln, Berlin.<\/a><\/span> <em>S\u00fcddeutsche Zeitung<\/em>. 8. M\u00e4rz 2019.<\/p>\n","protected":false},"excerpt":{"rendered":"<p>\u201eKill Tony: Rechte Comedy \u00fcbernimmt den Mainstream. Berliner Zeitung, 24. April 2025. \u201eIch wei\u00df es doch auch nicht\u201c. \u00dcber \u201eEnd Times Fun\u201c von Marc Maron. S\u00fcddeutsche Zeitung, 27. Mai 2020. \u00dcber Ricky Gervais in der Verti Music Hall, Berlin. S\u00fcddeutsche Zeitung, 9. Dezember 2019. \u00dcber John Cleese im Admiralspalast, Berlin. taz, die tageszeitung, 12. September &hellip; <\/p>\n<p class=\"link-more\"><a href=\"https:\/\/janjekal.de\/?page_id=128\" class=\"more-link\"><span class=\"screen-reader-text\">\u201eComedy\u201c <\/span>weiterlesen<\/a><\/p>\n","protected":false},"author":1,"featured_media":0,"parent":0,"menu_order":5,"comment_status":"closed","ping_status":"closed","template":"","meta":{"footnotes":""},"class_list":["post-128","page","type-page","status-publish","hentry"],"_links":{"self":[{"href":"https:\/\/janjekal.de\/index.php?rest_route=\/wp\/v2\/pages\/128","targetHints":{"allow":["GET"]}}],"collection":[{"href":"https:\/\/janjekal.de\/index.php?rest_route=\/wp\/v2\/pages"}],"about":[{"href":"https:\/\/janjekal.de\/index.php?rest_route=\/wp\/v2\/types\/page"}],"author":[{"embeddable":true,"href":"https:\/\/janjekal.de\/index.php?rest_route=\/wp\/v2\/users\/1"}],"replies":[{"embeddable":true,"href":"https:\/\/janjekal.de\/index.php?rest_route=%2Fwp%2Fv2%2Fcomments&post=128"}],"version-history":[{"count":7,"href":"https:\/\/janjekal.de\/index.php?rest_route=\/wp\/v2\/pages\/128\/revisions"}],"predecessor-version":[{"id":184,"href":"https:\/\/janjekal.de\/index.php?rest_route=\/wp\/v2\/pages\/128\/revisions\/184"}],"wp:attachment":[{"href":"https:\/\/janjekal.de\/index.php?rest_route=%2Fwp%2Fv2%2Fmedia&parent=128"}],"curies":[{"name":"wp","href":"https:\/\/api.w.org\/{rel}","templated":true}]}}